False
Is 45455 a prime number?
False
Is 66905 a prime number?
False
Is 26947 composite?
False
Is 18185 a prime number?
False
Is 15791 prime?
True
Is 4306 a composite number?
True
Is 2145622 a composite number?
True
Is 51379 a prime number?
False
Is 92629 prime?
False
Is 200933 composite?
True
Is 1032109 prime?
False
Is 10743 prime?
False
Is 10357 a composite number?
False
Is 301747 a prime number?
True
Is 80747 prime?
True
Is 2909 a prime number?
True
Is 319723 prime?
False
Is 23357 composite?
False
Is 18782 prime?
False
Is 34421 composite?
False
Is 29443 composite?
False
Is 402041 prime?
False
Is 80897 a prime number?
True
Is 183601 composite?
True
Is 60653 a composite number?
True
Is 1051851 composite?
True
Is 309929 composite?
False
Is 142685 a composite number?
True
Is 34141 a prime number?
True
Is 106549 a prime number?
False
Is 586 prime?
False
Is 6761 a composite number?
False
Is 76513 a composite number?
True
Is 887 a prime number?
True
Is 178131 a prime number?
False
Is 1261 composite?
True
Is 1135 prime?
False
Is 37651 composite?
True
Is 1769 a composite number?
True
Is 552913 a prime number?
True
Is 835 composite?
True
Is 234931 a prime number?
True
Is 59921 a composite number?
False
Is 55951 a composite number?
True
Is 4283 prime?
True
Is 23626 a composite number?
True
Is 247847 composite?
False
Is 613117 composite?
True
Is 4111 prime?
True
Is 98837 a prime number?
True
Is 10531 prime?
True
Is 172373 a prime number?
True
Is 7069 a composite number?
False
Is 609043 composite?
False
Is 1080509 a composite number?
True
Is 5671 a prime number?
False
Is 24991 prime?
False
Is 145991 a composite number?
False
Is 536593 a prime number?
True
Is 36185 composite?
True
Is 12661 prime?
False
Is 112181 a prime number?
True
Is 1898759 composite?
False
Is 12821 a prime number?
True
Is 115798 a composite number?
True
Is 2346887 a composite number?
False
Is 461843 prime?
True
Is 122651 prime?
True
Is 22497 prime?
False
Is 743399 a prime number?
False
Is 124979 composite?
False
Is 451 a composite number?
True
Is 98351 a composite number?
True
Is 312071 prime?
True
Is 6379 composite?
False
Is 41141 a prime number?
True
Is 13033 a prime number?
True
Is 11911 composite?
True
Is 1397 prime?
False
Is 29269 a prime number?
True
Is 209005 a prime number?
False
Is 444485 a composite number?
True
Is 140542 a prime number?
False
Is 469303 a composite number?
False
Is 13963 prime?
True
Is 57179 prime?
True
Is 90523 a prime number?
True
Is 602947 a composite number?
False
Is 17429 composite?
True
Is 278981 composite?
False
Is 13901 prime?
True
Is 336955 a prime number?
False
Is 38813 prime?
False
Is 199583 prime?
True
Is 107099 a prime number?
True
Is 8999 composite?
False
Is 45273 composite?
True
Is 1234027 composite?
True
Is 799 a prime number?
False
Is 7789 a composite number?
False
Is 268091 a composite number?
False
Is 1048769 a composite number?
True
Is 57899 a composite number?
False
Is 7201621 a composite number?
True
Is 215 a composite number?
True
Is 829601 composite?
False
Is 51046 a composite number?
True
Is 506683 prime?
True
Is 30631 a prime number?
True
Is 41095 a prime number?
False
Is 13261 a prime number?
False
Is 367 a prime number?
True
Is 110909 a composite number?
False
Is 267097 a composite number?
False
Is 463447 a composite number?
False
Is 92257 a composite number?
True
Is 254797 a prime number?
False
Is 9731 prime?
False
Is 29759 composite?
False
Is 118595 a prime number?
False
Is 6629 a composite number?
True
Is 517547 prime?
True
Is 63517 a composite number?
True
Is 5815 a composite number?
True
Is 20671 a prime number?
False
Is 101005 a composite number?
True
Is 90599 a prime number?
True
Is 18781 a prime number?
False
Is 9561 composite?
True
Is 172417 a prime number?
False
Is 1919 prime?
False
Is 18391 a composite number?
True
Is 739543 a prime number?
False
Is 12913 a composite number?
True
Is 13597 a composite number?
False
Is 88202 a prime number?
False
Is 3255953 composite?
False
Is 95267 a composite number?
False
Is 1169939 prime?
True
Is 28513 a prime number?
True
Is 51629 a prime number?
False
Is 15859 a prime number?
True
Is 455801 a prime number?
False
Is 1648453 a prime number?
True
Is 24347 a prime number?
False
Is 123859 prime?
False
Is 16179 composite?
True
Is 79571 composite?
True
Is 685147 a composite number?
True
Is 91367 a prime number?
True
Is 2045 a prime number?
False
Is 324419 prime?
True
Is 11269 composite?
True
Is 6737 prime?
True
Is 12199 a composite number?
True
Is 761 composite?
False
Is 4822 prime?
False
Is 4016347 a composite number?
False
Is 19187 prime?
False
Is 462013 a prime number?
True
Is 578279 a prime number?
False
Is 47041 composite?
False
Is 5815 composite?
True
Is 142937 prime?
False
Is 363667 a prime number?
False
Is 17149 a prime number?
False
Is 30893 prime?
True
Is 4387 a composite number?
True
Is 24889 a prime number?
True
Is 796687 prime?
True
Is 515087 composite?
False
Is 799 a composite number?
True
Is 20287 a composite number?
False
Is 10001 composite?
True
Is 466849 a composite number?
True
Is 185 composite?
True
Is 44245 a composite number?
True
Is 73237 a prime number?
True
Is 176581 composite?
True
Is 1502621 composite?
False
Is 151819 a composite number?
True
Is 7121 composite?
False
Is 113357 composite?
False
Is 39367 prime?
True
Is 25391 a prime number?
True
Is 15427 prime?
True
Is 2268031 composite?
False
Is 57173 prime?
True
Is 2018 a composite number?
True
Is 382465 composite?
True
Is 6911 a composite number?
False
Is 1736191 a composite number?
False
Is 2588829 a prime number?
False
Is 18583 prime?
True
Is 4121 prime?
False
Is 47903 a composite number?
False
Is 4393 prime?
False
Is 257 a composite number?
False
Is 216187 composite?
True
Is 23117 composite?
False
Is 6915901 composite?
False
Is 122993 a composite number?
True
Is 3547 composite?
False
Is 4393 a composite number?
True
Is 1661599 a composite number?
False
Is 44839 composite?
False
Is 418079 prime?
True
Is 1098613 a prime number?
True
Is 5961 a prime number?
False
Is 36217 a prime number?
True
Is 5471 a composite number?
False
Is 22289 a prime number?
False
Is 5747 prime?
False
Is 7489213 prime?
True
Is 8003 prime?
False
Is 29863 composite?
False
Is 3161 a composite number?
True
Is 5269 composite?
True
Is 28007 a composite number?
True
Is 224381 a prime number?
False
Is 4751 a composite number?
False
Is 403 a prime number?
False
Is 201 a prime number?
False
Is 234277 a composite number?
True
Is 10369 a composite number?
False
Is 206177 a prime number?
True
Is 5333 composite?
False
Is 76207 a prime number?
True
Is 3013331 a composite number?
False
Is 251879 a prime number?
True
Is 286717 a composite number?
True
Is 1163 a composite number?
False
Is 397693 composite?
True
Is 2812873 prime?
False
Is 26801 prime?
True
Is 393893 prime?
False
Is 135821 composite?
True
Is 75137 composite?
True
Is 171139 prime?
False
Is 43895 composite?
True
Is 11401 a prime number?
False
Is 17971 prime?
True
Is 2371 composite?
False
Is 12323 composite?
False
Is 627251 prime?
True
Is 1831 prime?
True
Is 79279 a prime number?
True
Is 1457389 a composite number?
False
Is 353063 prime?
False
Is 165029 composite?
True
Is 5903 a composite number?
False
Is 30757 composite?
False
Is 2449757 a prime number?
True
Is 49721 a prime number?
False
Is 10577 a prime number?
False
Is 16481 prime?
True
Is 604133 a composite number?
True
Is 52849 a prime number?
False
Is 14191 a composite number?
True
Is 16607 a composite number?
False
Is 81509 composite?
False
Is 80207 a composite number?
False
Is 34571 a composite number?
True
Is 86147 composite?
True
Is 18197 composite?
True
Is 47029 a prime number?
False
Is 12655 a prime number?
False
Is 474667 a composite number?
False
Is 5182399 prime?
False
Is 15101 a prime number?
True
Is 35963 composite?
False
Is 1545247 composite?
True
Is 170671 a prime number?
False
Is 15117 composite?
True
Is 1709 a composite number?
False
Is 878907 a prime number?
False
Is 3371 a prime number?
True
Is 28459 composite?
True
Is 1033099 a composite number?
False
Is 96463 composite?
True
Is 15634 prime?
False
Is 2477 a composite number?
False
Is 22094 a composite number?
True
Is 2017 prime?
True
Is 4387 composite?
True
Is 28